*2 - 167*d - 4464. What is r(-146)?
-1398
Let b(d) = 2*d**3 + 94*d**2 + 707*d - 661. Calculate b(-37).
560
Let u(x) = 8*x**2 - 6182*x - 20190. What is u(776)?
-14
Let s(g) = -2*g**2 + 367*g + 10351. Calculate s(-25).
-74
Let m(c) = c**3 - 209*c**2 - 455*c + 51448. What is m(210)?
-2
Let o(i) = -31357*i + 62720. What is o(2)?
6
Let y(a) = -2*a**3 - 27*a**2 - 134*a + 4. What is y(-11)?
873
Let p(g) = 2*g**3 - 373*g**2 - 516*g - 8961. Give p(188).
63
Let j(n) = n**3 - n**2 + 41141*n - 123420. What is j(3)?
21
Let b(g) = -2*g**2 + 1097*g + 1657432. What is b(1225)?
7
Let f(b) = 8*b**2 - 2421*b - 13232. Give f(308).
12
Let b(u) = -12*u**2 - 22*u - 37. Calculate b(-3).
-79
Let w(i) = 6672*i**3 - 10*i**2 - 44*i + 53. Calculate w(1).
6671
Let u(z) = 1010*z + 540876. Calculate u(-535).
526
Let a(n) = -52*n**2 + 7931*n + 106. Determine a(153).
-3719
Let z(x) = -x**2 + 398*x - 17185. What is z(351)?
-688
Let x(k) = -2200714*k + 15404977. Give x(7).
-21
Let y(h) = -12*h**2 + 257*h + 1590. Give y(-6).
-384
Let v(x) = -544478*x + 1633452. Calculate v(3).
18
Let k(t) = -t**3 - 17*t**2 - 99*t - 145. What is k(-4)?
43
Let v(p) = -19*p**2 - 39409*p + 237143. What is v(6)?
5
Let m(o) = -40200*o - 200715. Give m(-5).
285
Let g(c) = -c**2 + 671*c + 25496. Calculate g(-36).
44
Let o(t) = t**3 - 66*t**2 - 214*t + 226. Give o(69).
-257
Let u(g) = 130348*g - 1042774. Calculate u(8).
10
Let b(a) = 130*a + 25685. Give b(-181).
2155
Let v(m) = -93*m**2 - 26*m - 53. What is v(-5)?
-2248
Let g(b) = b**3 + 102*b**2 - 1152*b + 311. Calculate g(10).
-9
Let s(w) = -193*w**2 + 12579*w - 2208. Determine s(65).
2
Let z(n) = 243*n - 6676. Give z(8).
-4732
Let y(r) = 348279*r + 9751782. What is y(-28)?
-30
Let h(k) = -2466*k + 229390. Calculate h(93).
52
Let p(v) = -351*v - 63183. Determine p(-180).
-3
Let w(v) = 5*v**2 + 389*v - 1285. What is w(-81)?
11
Let k(r) = -983*r - 4626. Give k(-4).
-694
Let n(q) = -27*q**3 - 30*q**2 + 145*q + 400. What is n(-2)?
206
Let z(g) = -7*g**3 + 15*g**2 + 161*g - 49. What is z(-4)?
-5
Let g(y) = -y**3 - 43*y**2 + 235*y + 2187. Calculate g(-47).
-22
Let c(m) = 123*m**2 - 103823*m + 207646. Calculate c(2).
492
Let q(u) = -635078*u + 1270155. What is q(2)?
-1
Let v(u) = 27*u + 1853. What is v(-68)?
17
Let r(j) = -6988735*j - 34943677. What is r(-5)?
-2
Let p(r) = -2*r**3 - 69*r**2 + 1549*r + 62. Determine p(-50).
112
Let s(t) = -t**3 - 184*t**2 - 2538*t - 461. What is s(-169)?
46
Let s(k) = -7*k**2 - 332*k + 1859. Determine s(-51).
584
Let h(j) = j**3 - 115*j**2 + 3106*j + 94. What is h(43)?
524
Let q(n) = n**3 + 150*n**2 + 4*n + 1255. Calculate q(-150).
655
Let z(f) = 5411*f + 248914. Calculate z(-46).
8
Let b(l) = -234807*l + 704432. Give b(3).
11
Let y(a) = -813*a + 3222. What is y(4)?
-30
Let k(z) = -2609*z - 36562. Give k(-14).
-36
Let t(d) = d**3 - 9*d**2 - 186*d - 10. Determine t(19).
66
Let p(l) = l**3 - 117*l**2 - 3712*l - 848. Determine p(143).
10
Let t(q) = 4614*q + 31510. What is t(-7)?
-788
Let t(f) = -436*f - 13955. Give t(-33).
433
Let z(s) = 30305*s + 272848. What is z(-9)?
103
Let d(v) = 5*v**2 - 978*v + 6348. Determine d(7).
-253
Let m(k) = -26*k**3 + 14324*k**2 + 14321*k - 1. What is m(-1)?
28
Let m(d) = 2347*d + 35603. Give m(-14).
2745
Let a(w) = 18425*w + 700155. Determine a(-38).
5
Let k(t) = -5*t**2 - 17*t + 563. What is k(17)?
-1171
Let a(j) = -82*j**2 + 130*j - 12. Calculate a(-3).
-1140
Let n(r) = -3*r**3 - 151*r**2 + 165*r + 3089. Determine n(-51).
-124
Let l(a) = 11*a + 280. Determine l(-17).
93
Let m(a) = 412*a + 9622. Calculate m(-23).
146
Let g(s) = -70*s**2 - 268*s + 45. Determine g(-5).
-365
Let s(a) = a**2 - 250*a + 11380. Determine s(79).
-2129
Let d(j) = -j**3 - 19*j**2 + 14*j - 466. Determine d(-18).
-1042
Let t(z) = z**3 - 43*z**2 - 26288*z + 3356. Determine t(185).
26
Let o(r) = 1272*r - 112. Determine o(1).
1160
Let d(c) = 352*c - 3313. Calculate d(10).
207
Let k(f) = f**2 + 179*f - 8119. Calculate k(38).
127
Let k(b) = 36*b**3 + 3203*b**2 + 30*b + 10598. Determine k(-89).
7
Let n(r) = 32677*r - 229792. Determine n(7).
-1053
Let t(n) = 2*n**2 - 316*n - 4386. Give t(171).
60
Let v(h) = 8*h**3 + 557*h**2 - 3858*h + 1360. Calculate v(-76).
-8
Let y(h) = -h**2 - 41*h + 5726. Give y(-107).
-1336
Let w(d) = -173*d + 13979. Determine w(81).
-34
Let p(o) = -2*o**2 - 39738*o - 674978. Calculate p(-17).
-10
Let j(m) = -5*m**2 + 527*m - 9653. What is j(28)?
1183
Let s(y) = 1473*y - 8414. What is s(6)?
424
Let r(s) = -764*s - 130648. What is r(-171)?
-4
Let f(l) = -l**3 - 37*l**2 - 864*l - 826. Determine f(-1).
2
Let s(i) = -77*i**2 + 16543*i + 33095. Determine s(-2).
-299
Let a(k) = 1092*k**2 - 303576*k - 42. What is a(278)?
-42
Let s(r) = 64495*r - 6965486. Give s(108).
-26
Let i(m) = -113772*m - 568864. Give i(-5).
-4
Let g(k) = -2158*k - 489940. Calculate g(-227).
-74
Let s(o) = -156*o - 10547. Calculate s(-69).
217
Let r(u) = -u**3 - 114*u**2 + 16*u + 1828. Calculate r(-114).
4
Let q(v) = -386*v**2 + 54055*v - 2081. Calculate q(140).
19
Let h(i) = i**3 - 36*i**2 - 52*i + 205. Determine h(36).
-1667
Let j(q) = q**2 - 3927*q - 23579. Determine j(-6).
19
Let v(m) = m**3 + 10*m**2 - 13396*m - 107307. Determine v(-8).
-11
Let f(m) = 37646*m + 790568. Give f(-21).
2
Let k(i) = -6*i**2 - 626*i + 362. Calculate k(-104).
570
Let f(y) = -4*y**3 - 50*y**2 - 67258*y - 806815. Give f(-12).
-7
Let g(z) = -11*z**2 - 2638*z - 27301. Calculate g(-229).
-50
Let v(m) = 172*m**2 - 10138*m + 19045. What is v(57)?
7
Let u(m) = -5*m**3 - 81*m**2 - 476*m - 255. Determine u(-6).
765
Let d(m) = m**3 - 211*m**2 + 1550*m + 635. Give d(8).
43
Let j(b) = -13663*b - 95635. Determine j(-7).
6
Let b(k) = 4*k**3 - 2519*k**2 - 71618*k + 3270. What is b(657)?
-15
Let k(o) = -1195*o + 412291. What is k(345)?
16
Let b(k) = 3767*k + 26319. Calculate b(-7).
-50
Let l(p) = 134*p**2 + 9*p - 114. Give l(-6).
4656
Let g(w) = -29311*w - 205179. Determine g(-7).
-2
Let c(a) = -a**2 - 33*a + 1496. Determine c(0).
1496
Let d(i) = -623*i**3 + 1189*i**2 + 5*i - 17. What is d(2)?
-235
Let z(p) = -6439*p**2 - 19306*p + 35. Give z(-3).
2
Let x(a) = 2252*a + 274798. Give x(-122).
54
Let x(m) = -233*m**3 + 2092*m**2 + 44*m - 7. Give x(9).
-16
Let c(y) = -y**3 + 14*y**2 + 232*y + 512. What is c(-8)?
64
Let z(m) = m**3 + 159*m**2 - 535*m + 19068. What is z(-163)?
-3
Let t(s) = 52*s + 3260. Determine t(-52).
556
Let l(r) = -2*r**2 + 1541*r - 247984. Calculate l(229).
23
Let r(f) = -f**2 - 22566*f + 180587. Calculate r(8).
-5
Let o(u) = -u**3 + 3*u**2 + 118*u - 1092. Give o(8).
-468
Let i(v) = 8896*v + 8896. What is i(-1)?
0
Let w(i) = -i**3 - 62*i**2 + 494*i + 745. Give w(-69).
-14
Let j(c) = -2*c**2 + 479*c - 26066. What is j(84)?
58
Let l(w) = -258*w + 3587. Calculate l(17).
-799
Let i(b) = -b**2 - 2233*b + 187414. Determine i(81).
-20
Let t(l) = -168*l**3 - 2521*l**2 - 60*l - 735. What is t(-15)?
-60
Let f(t) = 7344*t - 1652400. Calculate f(225).
0
Let x(u) = u**3 + 180*u**2 + 878*u + 1208. Determine x(-175).
683
Let y(i) = 10*i**3 - 233*i**2 + 72*i - 81. Give y(23).
-12
Let z(v) = 2*v**2 - 267*v - 716. Determine z(140).
1104
Let h(l) = 3*l**3 + 54*l**2 - 106*l - 1907. Calculate h(-18).
1
Let q(m) = 18*m - 1105. Determine q(0).
-1105
Let j(f) = 740*f + 5648. What is j(-8)?
-272
Let f(l) = -3*l**3 - 60*l**2 - 43*l + 56. What is f(-19)?
-210
Let q(l) = 2*l**2 - 18*l - 7705. What is q(-72)?
3959
Let u(z) = 216370*z - 2380067. Determine u(11).
3
Let b(k) = -9*k**2 - 3217*k + 1773. Determine b(-358).
-17
Let m(r) = 46996*r + 281933. What is m(-6)?
-43
Let h(r) = -r**2 + 2253*r + 703625. Give h(-278).
7
Let y(x) = -x**3 - 145*x**2 + 40*x + 5818. What is y(-145)?
18
Let b(n) = 43377*n + 3773809. Calculate b(-87).
10
Let w(k) = k**3 + 19*k**2 - 953*k + 1232. Give w(22).
110
Let a(o) = 683*o**2 + 4726*o - 371. Give a(-7).
14
Let f(y) = y**3 - 1384*y**2 + 474773*y - 3783. Determine f(756).
-3
Let y(r) = -r**3 - 48*r**2 + 2971*r + 15016. Give y(-82).
10
Let j(c) = -c**3 - 43*c**2 + 651*c - 1561. Determine j(3).
-22
Let f(z) = -5*z**2 + 211*z - 3429. Determine f(13).
-1531
Let u(b) = -3*b**3 + 99*b**2 + 981*b - 39. Give u(-8).
-15
Let u(w) = -20552*w + 123309. What is u(6)?
-3
Let o(j) = -2*j**2 - 18329*j - 128240. Give o(-7).
-35
Let z(v) = -1752*v - 281880. Give z(-161).
192
